by 52.
43
What is the remainder when 1319799 is divided by 409?
365
Calculate the remainder when 43795 is divided by 14595.
10
What is the remainder when 8078810 is divided by 58542?
14
What is the remainder when 39391 is divided by 132?
55
What is the remainder when 470862 is divided by 790?
22
Calculate the remainder when 266075186 is divided by 107.
105
What is the remainder when 302595 is divided by 15917?
172
What is the remainder when 609646 is divided by 203201?
43
Calculate the remainder when 5644127 is divided by 129.
119
Calculate the remainder when 918905 is divided by 2054.
767
What is the remainder when 15452003 is divided by 458?
457
Calculate the remainder when 14155652 is divided by 1775.
27
What is the remainder when 4561354 is divided by 868?
14
What is the remainder when 74223740 is divided by 672?
668
Calculate the remainder when 1515725 is divided by 1486.
5
Calculate the remainder when 288675141 is divided by 7166.
7163
Calculate the remainder when 3819572 is divided by 1932.
8
Calculate the remainder when 2041252 is divided by 185568.
4
What is the remainder when 12543689 is divided by 171?
155
What is the remainder when 8100 is divided by 270?
0
What is the remainder when 702591 is divided by 702567?
24
Calculate the remainder when 3424511 is divided by 371.
181
What is the remainder when 388853 is divided by 16?
5
What is the remainder when 89909303 is divided by 89909300?
3
Calculate the remainder when 375980 is divided by 6962.
32
Calculate the remainder when 1594 is divided by 317.
9
What is the remainder when 265703 is divided by 18976?
39
Calculate the remainder when 4133427 is divided by 3554.
125
What is the remainder when 12747604 is divided by 127?
106
What is the remainder when 9843945 is divided by 96?
9
Calculate the remainder when 249683 is divided by 249606.
77
Calculate the remainder when 2754663 is divided by 3952.
119
What is the remainder when 22233 is divided by 10290?
1653
Calculate the remainder when 80969 is divided by 80929.
40
What is the remainder when 681016 is divided by 356?
344
What is the remainder when 238419 is divided by 29638?
1315
Calculate the remainder when 25969645 is divided by 308.
9
Calculate the remainder when 568086430 is divided by 48.
46
What is the remainder when 43842833 is divided by 59?
51
What is the remainder when 27302 is divided by 423?
230
What is the remainder when 409230 is divided by 3720?
30
What is the remainder when 205594 is divided by 18690?
4
Calculate the remainder when 3302535 is divided by 97133.
13
Calculate the remainder when 5016697 is divided by 3455.
37
Calculate the remainder when 2353306 is divided by 784427.
25
What is the remainder when 227530377 is divided by 748?
745
What is the remainder when 633921 is divided by 6403?
24
What is the remainder when 363926745 is divided by 2750?
2745
What is the remainder when 73052 is divided by 1844?
1136
What is the remainder when 520811 is divided by 639?
26
What is the remainder when 4759015 is divided by 125237?
9
What is the remainder when 36595958 is divided by 313?
311
Calculate the remainder when 41505165 is divided by 137.
56
Calculate the remainder when 3893528 is divided by 408.
392
What is the remainder when 6555883 is divided by 466?
195
Calculate the remainder when 70700866 is divided by 42.
40
What is the remainder when 45102886 is divided by 17?
16
What is the remainder when 662463 is divided by 220603?
654
Calculate the remainder when 83220 is divided by 403.
202
Calculate the remainder when 285696366 is divided by 7381.
7380
Calculate the remainder when 212233 is divided by 835.
143
What is the remainder when 3404838 is divided by 17?
10
Calculate the remainder when 425041 is divided by 10176.
7825
What is the remainder when 12008 is divided by 6003?
2
What is the remainder when 113309692 is divided by 405?
7
What is the remainder when 8076706 is divided by 8076696?
10
Calculate the remainder when 237230 is divided by 178.
134
What is the remainder when 1017446 is divided by 942?
86
Calculate the remainder when 231438 is divided by 179.
170
What is the remainder when 35338096 is divided by 1457?
18
Calculate the remainder when 9641520 is divided by 6631.
46
Calculate the remainder when 1925330 is divided by 6131.
196
What is the remainder when 2246052 is divided by 16513?
284
Calculate the remainder when 906976 is divided by 1836.
1828
What is the remainder when 24144434 is divided by 8048139?
17
What is the remainder when 417764 is divided by 26?
22
Calculate the remainder when 4231808 is divided by 516.
92
What is the remainder when 170256 is divided by 85083?
90
What is the remainder when 235743 is divided by 9039?
729
Calculate the remainder when 230782 is divided by 19213.
226
Calculate the remainder when 3921246 is divided by 32.
30
What is the remainder when 1494878 is divided by 471?
395
Calculate the remainder when 6558610 is divided by 148.
138
What is the remainder when 168193600 is divided by 620?
0
What is the remainder when 56269 is divided by 5408?
2189
Calculate the remainder when 2299591 is divided by 2299579.
12
What is the remainder when 1492527365 is divided by 2413?
2410
What is the remainder when 186483 is divided by 185984?
499
What is the remainder when 1475879 is divided by 3287?
16
Calculate the remainder when 148843 is divided by 6187.
355
What is the remainder when 30045955 is divided by 43735?
10
Calculate the remainder when 4361553 is divided by 36.
9
Calculate the remainder when 3602841 is divided by 4685.
76
What is the remainder when 61283304 is divided by 1223?
1220
What is the remainder when 16183586 is divided by 1403?
1384
Calculate the remainder when 9568 is divided by 31.
20
Calculate the remainder when 56688 is divided by 5659.
98
Calculate the remainder when 2396643 is divided by 1497.
1443
Calculate the remainder when 105881 is divided by 33119.
6524
Calculate the remainder when 28292780 is divided by 142.
132
What is the remainder when 3917437 is divided by 3634?
3619
What is the remainder when 2493747 is divided by 124687?
7
Calculate the remainder when 715998 is divided by 1967.
10
What is the remainder when 185281 is divided by 20582?
43
Calculate the remainder when 1965 is divided by 732.
501
Calculate the remainder when 659882 is divided by 131956.
102
What is the remainder when 111241 is divided by 34939?
6424
What is the remainder when 24801963 is divided by 68?
51
What is the remainder when 605593 is divided by 201673?
574
Calculate the remainder when 2002665 is divided by 222515.
30
What is the remainder when 2415104 is divided by 385?
384
What is the remainder when 6256449 is divided by 747?
324
Calculate the remainder when 204030 is divided by 910.
190
Calculate the remainder when 346661 is divided by 363.
359
Calculate the remainder when 119147617 is divided by 71.
32
Calculate the remainder when 49003 is divided by 3929.
1855
What is the remainder when 205437 is divided by 22809?
156
What is the remainder when 72627022 is divided by 1301?
1299
Calculate the remainder when 436243 is divided by 2947.
87
What is the remainder when 253915 is divided by 279?
25
Calculate the remainder when 2210262 is divided by 49109.
357
Calculate the remainder when 140597 is divided by 1134.
1115
What is the remainder when 4573829 is divided by 16105?
9
What is the remainder when 475048 is divided by 209?
200
Calculate the remainder when 2059541 is divided by 1916.
1757
Calculate the remainder when 560245708 is divided by 30.
28
Calculate the remainder when 83967 is divided by 4863.
1296
Calculate the remainder when 81283 is divided by 11061.
3856
What is the remainder when 2162882 is divided by 3025?
7
What is the remainder when 19690965 is divided by 666?
9
Calculate the remainder when 150704762 is divided by 11.
10
What is the remainder when 5244695 is divided by 2249?
27
Calculate the remainder when 11783868 is divided by 57.
30
What is the remainder when 22778717 is divided by 19?
16
Calculate the remainder when 7354 is divided by 97.
79
Calculate the remainder when 2827990 is divided by 31775.
15
What is the remainder when 43765 is divided by 2816?
1525
Calculate the remainder when 5047464 is divided by 131.
34
What is the remainder when 369851